{"id":72,"date":"2023-10-07T09:54:42","date_gmt":"2023-10-07T09:54:42","guid":{"rendered":"https:\/\/gurkencrew.de\/?page_id=72"},"modified":"2025-04-07T10:51:06","modified_gmt":"2025-04-07T10:51:06","slug":"touren-preise","status":"publish","type":"page","link":"https:\/\/gurkencrew.de\/?page_id=72","title":{"rendered":"Touren &#038; Preise"},"content":{"rendered":"\n<p>Verlassen Sie den stressigen Alltag und tauchen Sie ein in die wundersch\u00f6ne Landschaft des Spreewaldes.&nbsp;Entspannen Sie bei einer Kahnfahrt und genie\u00dfen Sie die Stille der Natur, egal zu welcher Jahreszeit.<\/p>\n\n\n\n<p>Ob eine kurze Tour durch L\u00fcbben und Umgebung oder ein Tagesausflug durch den Unterspreewald, es ist f\u00fcr Jeden etwas Passendes dabei. M\u00f6chten Sie die Kahnfahrt mit bis zu 25 Personen allein in ihrer geselligen Runde genie\u00dfen, biete ich ihnen auch gerne die M\u00f6glichkeit zu dem jeweilig angebotenen Kahnpreis unter sich zu sein. Die unten aufgef\u00fchrten Touren sind nur Bespiele vieler M\u00f6glichkeiten, die Sie gerne durch telefonische Absprachen mit mir individuell gestalten k\u00f6nnen.<\/p>\n\n\n\n<h4 class=\"wp-block-heading\">Stadtrundfahrt<\/h4>\n\n\n\n<p>Lernen Sie L\u00fcbben und die Umgebung auch auf dem Wasserweg kennen. Auf unserer ca. zwei St\u00fcndigen Tour sehen Sie verschiedene Sehensw\u00fcrdigkeiten der Stadt und erfahren interessante Geschichten der Stadt.<\/p>\n\n\n\n<ul class=\"wp-block-list\">\n<li>Dauer: 1,5-2 Stunden<\/li>\n\n\n\n<li>Kahnpreis bis 3 Personen: 60 \u20ac<\/li>\n\n\n\n<li>Einzelfahrpreis ab 4 Personen: 18 \u20ac p. P. (Kinder bis 12 Jahre 8 \u20ac, Kinder unter 2 Jahre frei)<\/li>\n<\/ul>\n\n\n\n<h4 class=\"wp-block-heading\">Tagestour nach Schlepzig<\/h4>\n\n\n\n<p>Auf unterschiedlichen Flie\u00dfen geht es in den Bereich des Unterspreewaldes. Nachdem wir an zahlreichen \u00dcberschwemmungs-wiesen und Erlenw\u00e4ldern vorbeifahren, landen wir im idyllischen Spreewalddorf Schlepzig, wo viele interessante M\u00f6glichkeiten auf Sie warten.<\/p>\n\n\n\n<ul class=\"wp-block-list\">\n<li>Dauer: 6-7 Stunden<\/li>\n\n\n\n<li>Kahnpreis bis 10 Personen: 280,00 \u20ac<\/li>\n\n\n\n<li>Kahnpreis bis 16 Personen: 390,00 \u20ac<\/li>\n\n\n\n<li>Kahnpreis bis 24 Personen: 490,00 \u20ac<\/li>\n<\/ul>\n\n\n\n<h4 class=\"wp-block-heading\">Events\/Specials<\/h4>\n\n\n\n<p>Machen Sie Ihr Event mit einer Kahnfahrt durch den Spreewald zum Highlight. Durch individuelle Absprachen k\u00f6nnen wir Ihren Ausflug ganz nach Ihren W\u00fcnschen gestalten, egal ob&nbsp;<strong>Hochzeit, Geburtstag, Firmenfeier, Junggesellenabschied, Klassentreffen etc.<\/strong><\/p>\n\n\n\n<p>Des Weiteren bieten wir Ihnen die M\u00f6glichkeit uns f\u00fcr Veranstaltungen wie die L\u00fcbbener Kahnn\u00e4chte oder gar als Pr\u00e4sentationskahn f\u00fcr den Kahnkorso zum Spreewaldfest zu buchen.<\/p>\n","protected":false},"excerpt":{"rendered":"<p>Verlassen Sie den stressigen Alltag und tauchen Sie ein in die wundersch\u00f6ne Landschaft des Spreewaldes.&nbsp;Entspannen Sie bei einer Kahnfahrt und genie\u00dfen Sie die Stille der Natur, egal zu welcher Jahreszeit. Ob eine kurze Tour durch L\u00fcbben und Umgebung oder ein Tagesausflug durch den Unterspreewald, es &hellip; <\/p>\n","protected":false},"author":1,"featured_media":0,"parent":0,"menu_order":0,"comment_status":"closed","ping_status":"closed","template":"","meta":{"footnotes":""},"class_list":["post-72","page","type-page","status-publish","hentry"],"_links":{"self":[{"href":"https:\/\/gurkencrew.de\/index.php?rest_route=\/wp\/v2\/pages\/72","targetHints":{"allow":["GET"]}}],"collection":[{"href":"https:\/\/gurkencrew.de\/index.php?rest_route=\/wp\/v2\/pages"}],"about":[{"href":"https:\/\/gurkencrew.de\/index.php?rest_route=\/wp\/v2\/types\/page"}],"author":[{"embeddable":true,"href":"https:\/\/gurkencrew.de\/index.php?rest_route=\/wp\/v2\/users\/1"}],"replies":[{"embeddable":true,"href":"https:\/\/gurkencrew.de\/index.php?rest_route=%2Fwp%2Fv2%2Fcomments&post=72"}],"version-history":[{"count":2,"href":"https:\/\/gurkencrew.de\/index.php?rest_route=\/wp\/v2\/pages\/72\/revisions"}],"predecessor-version":[{"id":97,"href":"https:\/\/gurkencrew.de\/index.php?rest_route=\/wp\/v2\/pages\/72\/revisions\/97"}],"wp:attachment":[{"href":"https:\/\/gurkencrew.de\/index.php?rest_route=%2Fwp%2Fv2%2Fmedia&parent=72"}],"curies":[{"name":"wp","href":"https:\/\/api.w.org\/{rel}","templated":true}]}}